8).
7
Let p(h) = -7*h**2 - 90*h + 21. What is p(-13)?
8
Let s(f) = f**2 - 682*f + 30388. Determine s(48).
-44
Let m(y) = -8*y**2 - 14*y + 7. What is m(-3)?
-23
Let z(j) = 2*j**3 + 5*j**2 + j - 35. Give z(4).
177
Let d(l) = -l**3 + 99*l**2 - 91*l - 820. What is d(98)?
-134
Let u(d) = -d**3 + 5*d**2 + 86*d - 508. Determine u(7).
-4
Let s(l) = -3*l**2 - 39*l + 84. Give s(2).
-6
Let s(a) = -a**3 - 8*a**2 + 48*a - 65. Give s(-15).
790
Let f(u) = -2*u**3 - 28*u**2 + 63*u - 19. Calculate f(-16).
-3
Let s(m) = -17395*m + 2. What is s(0)?
2
Let g(a) = a**3 - 2*a**2 - 18*a - 28. Give g(-3).
-19
Let g(v) = 4*v + 106. Determine g(0).
106
Let t(v) = -v**3 - 3*v**2 - v + 3. Give t(-5).
58
Let v(c) = 3*c**2 - 7*c + 12. Determine v(5).
52
Let r(s) = -87*s**3 - 4*s**2 + 4*s - 1. Give r(1).
-88
Let g(m) = 5*m**2 + 322*m + 119. Determine g(-64).
-9
Let q(n) = 70*n + 52. Give q(-4).
-228
Let q(n) = -n**3 - 18*n**2 - 53*n + 25. What is q(-11)?
-239
Let p(y) = 53*y + 710. Calculate p(-13).
21
Let j(n) = 56*n**3 - n. Give j(-1).
-55
Let w(j) = -9*j**2 + 63*j - 8. Give w(7).
-8
Let f(z) = z**2 - 99*z + 87. Determine f(98).
-11
Let j(h) = 4569*h - 45690. Determine j(10).
0
Let u(c) = -1344*c - 6698. What is u(-5)?
22
Let s(j) = -46*j + 3324. What is s(76)?
-172
Let p(j) = -j**2 + 148*j - 4984. What is p(96)?
8
Let j(i) = -8*i**3 - 18*i**2 + 18*i + 1. Give j(1).
-7
Let l(h) = -115*h + 117. Determine l(-1).
232
Let b(l) = 2*l**3 - 174*l**2 - 906*l + 31. Determine b(-5).
-39
Let w(j) = 2*j**2 + 9*j - 8. Calculate w(-8).
48
Let a(f) = -f**3 - 163*f**2 - 5236*f - 1. What is a(-119)?
-1
Let j(t) = 9*t**3 - 46*t**2 + 22*t - 10. Calculate j(5).
75
Let l(k) = 2*k**2 + 187*k + 2705. Calculate l(-18).
-13
Let k(a) = 89*a - 962. Calculate k(9).
-161
Let c(b) = 270*b + 6209. Calculate c(-23).
-1
Let u(q) = -2*q**3 + 20*q**2 + 4*q - 18. What is u(9)?
180
Let m(j) = -j**3 - 4*j**2 - 194*j - 1234. What is m(-6)?
2
Let m(n) = -n**2 - 30*n - 49. What is m(-23)?
112
Let t(b) = 4*b**2 - 67*b + 282. What is t(8)?
2
Let p(i) = 2*i**2 - 33*i - 58. Determine p(19).
37
Let j(p) = 2*p**2 - 11*p - 29. What is j(-8)?
187
Let s(r) = -3*r**2 - 67*r + 22. Determine s(-22).
44
Let l(y) = -63*y + 602. Give l(9).
35
Let l(n) = 19*n + 151. Determine l(-24).
-305
Let c(o) = -o**3 - 4*o**2 + 18*o - 31. Determine c(-8).
81
Let w(i) = -410*i**2 + 63145*i - 770. Calculate w(154).
0
Let i(x) = 11*x**3 + 4*x**2 - 4. What is i(-1)?
-11
Let g(y) = y**3 - 6*y**2 - 17*y + 51. Give g(7).
-19
Let x(k) = -k**3 - 4*k**2 - 2*k + 14. Determine x(-3).
11
Let k(z) = -696*z - 20864. Give k(-30).
16
Let g(w) = -w**2 - 10. Calculate g(9).
-91
Let p(b) = b**2 + 13*b + 9. Give p(-5).
-31
Let s(l) = l**2 - 74*l + 349. Calculate s(5).
4
Let z(f) = 3*f**2 + 49*f + 157. What is z(-3)?
37
Let g(c) = 108*c - 15. Determine g(-1).
-123
Let n(c) = c**3 + 6*c**2 - 22*c - 26. Calculate n(-9).
-71
Let s(w) = 25*w**2 + 96*w + 67. Calculate s(-3).
4
Let a(t) = 50*t**3 - 7*t**2 - 5*t + 3. Calculate a(-2).
-415
Let z(s) = -11*s**2 + 14*s. Calculate z(2).
-16
Let q(x) = 2*x**2 + 142*x - 620. Give q(-75).
-20
Let q(w) = 5*w + 69. Calculate q(9).
114
Let g(z) = 37*z**2 + 207*z + 110. Determine g(-5).
0
Let q(k) = 596*k**2 + 6556*k - 13. Give q(-11).
-13
Let p(i) = -i**3 + 55*i**2 - 262*i + 595. Determine p(50).
-5
Let d(u) = 4*u**2 - 538*u - 4860. Calculate d(143).
2
Let m(b) = 13*b**2 - 600*b - 600. Calculate m(-1).
13
Let j(l) = -20*l - 62. Give j(-3).
-2
Let g(c) = -2*c**3 + 44*c**2 + 55*c - 153. Determine g(23).
54
Let y(t) = 1796*t - 7245. What is y(4)?
-61
Let y(r) = 10*r**2 - 53*r + 68. Calculate y(3).
-1
Let f(n) = 10*n**2 + 833*n + 191. What is f(-83)?
-58
Let f(q) = -3*q - 50. What is f(-32)?
46
Let g(d) = -77*d - 1700. Give g(-22).
-6
Let n(q) = -95*q**2 - 3*q - 4. What is n(-1)?
-96
Let w(m) = 3*m**3 + 8*m**2 + 11*m - 7. Give w(4).
357
Let m(c) = c**2 - 53*c + 696. Calculate m(24).
0
Let l(i) = 5*i**2 - 58*i + 5. Determine l(12).
29
Let q(f) = -f**3 - 3*f**2 + 4*f - 8. Calculate q(-5).
22
Let l(w) = w**3 - 8*w**2 - 23*w + 11. What is l(11)?
121
Let g(z) = 9*z**3 + 7*z**2 + 5*z - 4. Calculate g(-4).
-488
Let k(g) = -120*g**3 + 45*g**2 + 44*g - 3. Determine k(-1).
118
Let u(n) = -116*n + 13447. Determine u(116).
-9
Let c(h) = -647*h**3 + 3*h**2 - 4*h. Calculate c(1).
-648
Let a(c) = -14*c**3 - 81*c**2 + 15*c + 4. Determine a(-6).
22
Let m(l) = -l**3 - 14*l**2 + 57*l + 103. Calculate m(-17).
1
Let c(f) = -45*f - 428. Give c(-6).
-158
Let x(o) = -77*o + 1925. Give x(30).
-385
Let m(v) = 6*v + 77. Determine m(-13).
-1
Let v(l) = -29*l + 1174. Calculate v(42).
-44
Let l(o) = o**2 + 58*o - 1285. Determine l(17).
-10
Let l(p) = p**2 - 6*p - 195. Give l(0).
-195
Let j(i) = i**3 + 17*i**2 - i. Give j(-17).
17
Let d(v) = -1775*v - 166854. What is d(-94)?
-4
Let d(q) = -q**3 - 11*q**2 + 5*q + 30. Calculate d(-13).
303
Let m(k) = 40*k**3 + 515*k**2 - 66*k - 8. Determine m(-13).
5
Let r(d) = 5333*d - 10675. Determine r(2).
-9
Let n(d) = -2855*d - 65673. Determine n(-23).
-8
Let v(t) = -t**3 + 52*t**2 + 144*t + 1152. Determine v(55).
-3
Let o(u) = -u**3 - 32*u**2 - 89*u - 1794. Determine o(-31).
4
Let o(p) = p**3 - 58*p**2 - 59*p + 4. Determine o(59).
4
Let g(w) = 11*w**2 - 13*w - 4. Determine g(3).
56
Let s(t) = 11*t**2 + 36*t - 13. Determine s(-3).
-22
Let n(q) = -q**3 + 121*q**2 + 119*q + 364. Determine n(122).
-2
Let x(k) = 91*k - 1370. Determine x(15).
-5
Let w(j) = -2*j**2 - 46*j + 15. Give w(-26).
-141
Let d(j) = -4*j**2 - 288*j + 3. Determine d(-72).
3
Let r(u) = 160*u - 370. What is r(5)?
430
Let t(k) = -27*k + 22. Give t(3).
-59
Let o(v) = -v**3 - 130*v**2 + 129*v - 504. What is o(-131)?
-242
Let b(l) = -14*l**2 - 120*l + 1227. Give b(6).
3
Let s(t) = -4*t**3 + 6*t**2 + 24*t - 16. What is s(3)?
2
Let c(z) = -4*z - 27. Give c(-6).
-3
Let p(j) = -j**3 - 8*j**2 - 97*j - 639. Calculate p(-7).
-9
Let c(a) = a**2 + 112*a - 17292. Give c(87).
21
Let z(v) = -v**2 + 26*v - 49. Determine z(16).
111
Let s(i) = 19*i**2 - 259*i - 74. Give s(14).
24
Let w(p) = -p**3 + 37*p**2 + 49*p - 423. What is w(38)?
-5
Let k(v) = v**2 + 82*v + 1110. What is k(-45)?
-555
Let r(b) = 19*b + 33. Give r(10).
223
Let r(c) = 23*c + 214. Determine r(-4).
122
Let f(g) = g**2 + 17*g + 34. Calculate f(-15).
4
Let b(v) = 18*v**3 - 18*v**2 + 4*v - 3. Determine b(1).
1
Let i(j) = 2*j**2 - 18*j - 1789. What is i(-26)?
31
Let j(c) = 295*c - 2392. Give j(8).
-32
Let t(p) = -p**2 - 2559*p - 22935. Give t(-9).
15
Let x(w) = 12*w**3 + 479*w**2 - 38*w + 59. Calculate x(-40).
-21
Let u(b) = b**3 + 15*b**2 + 28*b - 72. Calculate u(-12).
24
Let s(r) = -54*r - 603. Give s(-11).
-9
Let g(f) = f**3 + 72*f**2 + 4*f + 243. Give g(-72).
-45
Let u(b) = 114*b - 664. Determine u(11).
590
Let n(v) = 1619*v - 21176. What is n(13)?
-129
Let y(r) = -74*r - 490. Calculate y(-7).
28
Let p(i) = -492*i - 908. What is p(-2)?
76
Let z(v) = 2*v**3 + 2278*v**2 + 13597*v + 3. What is z(-6)?
-3
Let y(r) = -r**2 + 28*r + 501. What is y(40)?
21
Let v(z) = -z**3 + 105*z**2 - 84*z - 2089. Calculate v(104).
-9
Let h(t) = 3*t**3 - 58*t**2 - 102*t - 48. Calculate h(21).
15
Let p(w) = 3*w**2 - 59*w + 306. Determine p(12).
30
Let g(o) = 22*o + 332. Determine g(-7).
178
Let n(s) = -570*s + 65531. What is n(115)?
-19
Let j(p) = p**2 + 113*p + 846. Determine j(-105).
6
Let w(a) = a**2 - 82*a - 814. What is w(-9)?
5
Let s(x) = 4*x**2 - 73*x + 199. Give s(3).
16
Let o(l) = -3*l**2 - 185*l - 120. Determine o(-61).
2
Let f(q) = -3*q**2 + 25*q + 57. Give f(10).
7
Let m(w) = -w**3 + 39*w**2 + 44*w - 160. Determine m(40).
0
Let y(h) = -677*h + 4072. Give y(6).
10
Let w(l) = -3*l**3 - 4*l**2 + 5*l + 16. Give w(4).
-220
Let g(b) = 165*b + 665. Give g(-4).
5
Let j(d) = -2*d**3 - 11*d**2 - 24*d + 1. Determine j(-5).
96
Let o(m) = -m**3 + 123*m**2 - 243*m + 118. Give o(121).
-3
Let o(v) = -v**3 - 8*v**2 + 110*v + 899. Give o(-9).
-10
Let u(i) = -3*i**2 + 2*i + 51. What is u(7)?
-82
Let c(j) = -319*j + 2888. Calculate c(9).
17
Let m(w) = 12*w**3 - w**2 + 9*w + 3. What is m(-3)?
-357
Let i(n) = -2*n**2 - 71*n - 212. Calculate i(-4).
40
Let n(z) = -3*z - 163. Give n(-4).
-151
Let i(x) = -19*x - 60. Give i(-3).
-3
Let a(t) = -2*t**3 - 181*t**2 + 465*t - 58. Calculate a(-93).
-58
Let f(m) = -24*m + 605. Give f(26).
-19
Let z(p) = 27